lse
Is 11308246051 a composite number?
True
Is 1711525763 a prime number?
False
Is 3390365597 composite?
True
Is 26102996567 a composite number?
False
Is 136904731 prime?
True
Is 4087418219 composite?
False
Is 4960222399 a prime number?
False
Is 536989342 composite?
True
Is 145812833 a prime number?
True
Is 654715253 a prime number?
False
Is 54444686677 a composite number?
True
Is 55221997 composite?
False
Is 221325989 a prime number?
True
Is 1168067521 composite?
True
Is 8978261437 a prime number?
False
Is 24339844961 a composite number?
False
Is 2892256615 a composite number?
True
Is 65340073 a composite number?
True
Is 4348021105 composite?
True
Is 533249933 composite?
False
Is 318457429 a prime number?
True
Is 2738376977 prime?
False
Is 18200644801 composite?
False
Is 3074738713 composite?
False
Is 4994251649 prime?
True
Is 2431412939 composite?
True
Is 2462635019 a composite number?
True
Is 18726434905 prime?
False
Is 21650603719 prime?
False
Is 14534685059 a prime number?
False
Is 3679288553 composite?
True
Is 10751791379 prime?
False
Is 4674120673 a composite number?
False
Is 9291529331 composite?
True
Is 27880721257 a prime number?
True
Is 11874476027 composite?
True
Is 3343099679 a composite number?
False
Is 266065962007 composite?
False
Is 1258547777 a composite number?
False
Is 539850005 composite?
True
Is 109560809 composite?
True
Is 1954525283 a prime number?
False
Is 507505301 prime?
False
Is 43578351933 a prime number?
False
Is 351831047 a prime number?
False
Is 1364043349 prime?
False
Is 6069253286 prime?
False
Is 3140067691 prime?
True
Is 19756022459 composite?
True
Is 1228584989 composite?
False
Is 809491691 composite?
False
Is 224800621 a composite number?
True
Is 23492947657 a composite number?
True
Is 34917534457 composite?
True
Is 46493547043 composite?
False
Is 569191627 prime?
True
Is 168925385 a composite number?
True
Is 1007835217 a prime number?
False
Is 684979747 composite?
False
Is 583818737 a prime number?
False
Is 59851063 a prime number?
True
Is 87338177 a prime number?
False
Is 554113897 prime?
True
Is 34288472111 composite?
False
Is 438765713 a prime number?
False
Is 8796278069 a composite number?
False
Is 149428093 a composite number?
True
Is 309835697 a composite number?
False
Is 7121756919 composite?
True
Is 134165011741 prime?
False
Is 171676167521 a prime number?
True
Is 2558619839 a prime number?
True
Is 1845118669 composite?
True
Is 17609583359 a prime number?
False
Is 909373663 composite?
True
Is 25808962367 a composite number?
True
Is 38624542921 a composite number?
True
Is 10919801807 prime?
False
Is 2657538619 composite?
False
Is 826295311 a composite number?
True
Is 876407981 a composite number?
True
Is 6982784363 composite?
False
Is 36783346415 a prime number?
False
Is 294749537 composite?
False
Is 5660178107 a prime number?
False
Is 4473363641 prime?
True
Is 4255067777 composite?
False
Is 38090880353 a composite number?
False
Is 4177802287 a composite number?
True
Is 11174376259 a composite number?
False
Is 391230071 prime?
True
Is 1720612527 a prime number?
False
Is 51663463 composite?
False
Is 104777977 prime?
True
Is 17354267311 prime?
True
Is 108394037 composite?
True
Is 62892773 a prime number?
True
Is 11980232171 a composite number?
False
Is 17029032901 composite?
False
Is 14334018161 composite?
False
Is 210346046899 a prime number?
False
Is 6226043839 a composite number?
False
Is 8449230189 a prime number?
False
Is 42548917799 composite?
False
Is 46104163151 prime?
True
Is 18908930167 composite?
True
Is 20637174401 a composite number?
False
Is 32934119993 prime?
True
Is 604713911 prime?
True
Is 28594693 a prime number?
True
Is 8338376471 prime?
True
Is 394252379 a composite number?
True
Is 7281272741 prime?
True
Is 3412904851 a composite number?
False
Is 13880752493 composite?
True
Is 1175401181 a composite number?
True
Is 826493853 a prime number?
False
Is 35215863901 a composite number?
False
Is 8500161349 a composite number?
True
Is 30601603861 a composite number?
True
Is 541750289 a prime number?
True
Is 35678458313 a composite number?
False
Is 135624355 a composite number?
True
Is 6492046591 a prime number?
True
Is 3823493111 a composite number?
False
Is 2270406529 a composite number?
True
Is 17372024587 a composite number?
False
Is 175277231 prime?
True
Is 1736503861 a prime number?
True
Is 508379545 composite?
True
Is 511975234 a prime number?
False
Is 39062891017 a prime number?
True
Is 50691632489 a prime number?
True
Is 129921905759 a prime number?
True
Is 8697004441 a composite number?
True
Is 142431119 a composite number?
True
Is 1546322857 prime?
True
Is 613673407 composite?
True
Is 237681574807 a prime number?
False
Is 4772062 a prime number?
False
Is 282868997 prime?
False
Is 127652465 a prime number?
False
Is 2684119429 prime?
False
Is 11174952179 a prime number?
True
Is 3766154961 a composite number?
True
Is 149523572467 a prime number?
True
Is 6880958347 a prime number?
False
Is 1130930653 prime?
True
Is 19885136741 composite?
False
Is 921636049 prime?
True
Is 6600565999 a composite number?
True
Is 1366004681 prime?
False
Is 12829820881 a prime number?
False
Is 941306437 a prime number?
True
Is 5032337507 composite?
False
Is 5330243351 a prime number?
False
Is 166349393137 composite?
True
Is 285076762 composite?
True
Is 2621454221 a composite number?
True
Is 173940551 prime?
False
Is 3720036251 a prime number?
False
Is 986277653 composite?
False
Is 14126765033 composite?
True
Is 72206498965 a composite number?
True
Is 221874371 composite?
False
Is 20219290529 composite?
False
Is 418898365 a prime number?
False
Is 1134876629 a prime number?
False
Is 34251322793 prime?
True
Is 39594221 prime?
True
Is 11092762289 a prime number?
False
Is 22100626309 a prime number?
False
Is 6278992067 composite?
False
Is 75426039529 prime?
False
Is 48445897 prime?
True
Is 187609209421 a prime number?
True
Is 71232759601 a prime number?
False
Is 2374183621 a composite number?
False
Is 482554579 prime?
False
Is 2661821 prime?
True
Is 6304525382 composite?
True
Is 893824451 prime?
False
Is 392211269 prime?
True
Is 31483675747 composite?
False
Is 584625413 prime?
False
Is 8290304287 a prime number?
True
Is 23971126877 a composite number?
True
Is 2956648553 prime?
False
Is 32926194817 prime?
False
Is 33212695601 composite?
False
Is 174289393 a composite number?
False
Is 1819306577 a prime number?
False
Is 86924881 a composite number?
False
Is 2415764023 prime?
False
Is 1985056729 a prime number?
True
Is 519220753 prime?
True
Is 723611639 a prime number?
False
Is 16918748897 composite?
True
Is 828015917 prime?
False
Is 98272312331 a prime number?
True
Is 55732099259 composite?
True
Is 16335083077 composite?
False
Is 1664150109 a prime number?
False
Is 35420254999 a prime number?
False
Is 173226841 prime?
False
Is 6307680397 a prime number?
False
Is 635245519 composite?
False
Is 24829402691 a composite number?
False
Is 10137969757 composite?
True
Is 633190763 a prime number?
True
Is 5721130213 a prime number?
True
Is 1275455791 composite?
True
Is 11327147339 composite?
False
Is 388752043 a prime number?
True
Is 7964359607 a prime number?
True
Is 6776104151 composite?
False
Is 12546078469 prime?
True
Is 4239101093 a composite number?
False
Is 16623360917 a prime number?
True
Is 46112368657 a prime number?
False
Is 7854218287 composite?
False
Is 59262849703 a composite number?
False
Is 3689674939 a composite number?
False
Is 18739656331 a prime number?
False
Is 148057487141 prime?
True
Is 595945763 a prime number?
False
Is 523422161 prime?
True
Is 444753611 prime?
True
Is 540347869 a composite number?
False
Is 253772089 prime?
True
Is 126217955 prime?
False
Is 12483755239 a prime number?
False
Is 1938993037 composite?
True
Is 1349806567 composite?
False
Is 1058785955 a prime number?
False
Is 743931499 prime?
True
Is 304814707 a composite number?
True
Is 6728891853 a prime number?
False
Is 14187299551 a composite number?
True
Is 10053328637 a composite number?
True
Is 976431541 prime?
False
Is 55912130959 composite?
True
Is 6884304659 composite?
True
Is 3181563691 composite?
False
Is 242972441 a prime number?
True
Is 1862772203 prime?
True
Is 2902551805 composite?
True
Is 13758763999 composite?
T